 what is -8353776 + -4?
-835377a
In base 15, what is -1356d3 - 20?
-135703
In base 10, what is 4 - -14034396?
14034400
In base 13, what is -16737b - 31?
-1673ac
In base 15, what is 8 + -186737d?
-1867375
In base 16, what is -149 + 4fd8f?
4fc46
In base 3, what is 10221000021 - 100200120?
10120022201
In base 7, what is -1224465 + 214?
-1224251
In base 2, what is 0 + -1101100001000101100?
-1101100001000101100
In base 5, what is -2422443243 - 10?
-2422443303
In base 5, what is 402142014 + -12?
402142002
In base 10, what is 2671413 - 26?
2671387
In base 4, what is -133 - -3013302322?
3013302123
In base 14, what is 10a3499 + 1?
10a349a
In base 8, what is -17615347 + -3?
-17615352
In base 3, what is 120022 - -101022111112?
101100001211
In base 11, what is 1516013 + 8?
1516020
In base 8, what is -4 + 13003101?
13003075
In base 7, what is -15020055224 + 2?
-15020055222
In base 15, what is 598241 + 0?
598241
In base 9, what is -3 + -7848287?
-7848301
In base 16, what is -14 + 3c3e?
3c2a
In base 7, what is -23 + 661251?
661225
In base 16, what is -13 + -536b?
-537e
In base 14, what is -1027 - 3612b?
-37154
In base 8, what is -222 + -475663?
-476105
In base 7, what is -2021 - 65424?
-100445
In base 7, what is 563123 + -102?
563021
In base 2, what is -1101111110 + -1001011000011111?
-1001100110011101
In base 9, what is -78 + 5477203?
5477114
In base 10, what is 4 + 5198173?
5198177
In base 7, what is 236 + 533105?
533344
In base 6, what is 242 - -45155544?
45200230
In base 8, what is 445 - 1040114?
-1037447
In base 3, what is -1101012020011000 + -11?
-1101012020011011
In base 3, what is -100211120200222 + -2?
-100211120201001
In base 15, what is 4ead5c8 - 3?
4ead5c5
In base 3, what is 220200002022 + 22022?
220200101121
In base 7, what is 1116410 - -4?
1116414
In base 9, what is -1 - -4760124?
4760123
In base 6, what is 120241 + 1205431?
1330112
In base 8, what is 651332030 - -3?
651332033
In base 11, what is 3a77552 + 4?
3a77556
In base 5, what is 2422024144300 + 3?
2422024144303
In base 11, what is 20 + 49544?
49564
In base 3, what is 111201 - 102020222022?
-102020110121
In base 3, what is -2102022211111200 + 11?
-2102022211111112
In base 6, what is 1351134255 - 4?
1351134251
In base 2, what is 1010001001011 + 1011110?
1010010101001
In base 11, what is 73a1a4 - 5?
73a19a
In base 12, what is -12400 - 95?
-12495
In base 4, what is -2332113302300 - 2?
-2332113302302
In base 14, what is 20b6 + 4?
20ba
In base 11, what is 15a8 - a2?
1506
In base 9, what is -16878203 - 4?
-16878207
In base 12, what is b2239 + -337?
b1b02
In base 16, what is 349551 - -51?
3495a2
In base 6, what is -5014540 - 23?
-5015003
In base 9, what is -28863 - -226?
-28636
In base 2, what is 100 + 100101100101101000001?
100101100101101000101
In base 3, what is 0 - -200122020220000?
200122020220000
In base 9, what is 2 + 110005477?
110005480
In base 10, what is -3054 - -870?
-2184
In base 4, what is -3130 + 330022233?
330013103
In base 11, what is -3350 - 41a4?
-7544
In base 3, what is -120122 + -10101212022?
-10102102221
In base 14, what is -6865 + -14cc?
-7d53
In base 15, what is 742 - 4d09?
-45b7
In base 16, what is 2bd + -2a29?
-276c
In base 7, what is -22346031 - 10?
-22346041
In base 13, what is -18 + 1cb0c0?
1cb0a5
In base 4, what is 1122223130322 - 101?
1122223130221
In base 14, what is -21 + 214d93d?
214d91c
In base 9, what is -733 - -2233705?
2232862
In base 6, what is 3 - 115200501?
-115200454
In base 6, what is 3004 - 42235?
-35231
In base 13, what is -295 + b019?
aa54
In base 10, what is 0 - -5387471?
5387471
In base 9, what is -6 + -10756182?
-10756188
In base 7, what is -225624 - 1405?
-230332
In base 10, what is -169158 - -16?
-169142
In base 16, what is 121cb - a4?
12127
In base 7, what is 11553 + -10305?
1245
In base 13, what is 81a93574 + -1?
81a93573
In base 3, what is 1011212021202 + 121222?
1011212220201
In base 11, what is -249 + -20193a?
-202088
In base 12, what is -93 + 331210?
331139
In base 7, what is -414 + 30631616?
30631202
In base 9, what is 87848205 + 13?
87848218
In base 12, what is 28429393b - -4?
284293943
In base 4, what is 1003102220 + 2?
1003102222
In base 16, what is 5 + d1b34e3?
d1b34e8
In base 10, what is -17219674 + -6?
-17219680
In base 15, what is 1 + 154bd8e?
154bd90
In base 6, what is 30330 - 10313?
20013
In base 11, what is -a6 + 102a021?
1029a26
In base 7, what is 11036564 - 6?
11036555
In base 12, what is -693a0 - -4?
-69398
In base 15, what is -4 + 3c36204?
3c36200
In base 7, what is 111 - 3614345?
-3614234
In base 2, what is -1000101101101 - 1100001101010?
-10100111010111
In base 12, what is 50a2 - 17155?
-12073
In base 4, what is 110100011032 + -103?
110100010323
In base 13, what is -1 + 1776c?
1776b
In base 12, what is -104b891 + -27?
-104b8b8
In base 11, what is 14843 - 185?
14669
In base 8, what is -132324602 - 5?
-132324607
In base 4, what is -1020 - -10022300?
10021220
In base 14, what is 3a60 - -8673?
c2d3
In base 8, what is -1 - -5556050?
5556047
In base 7, what is -314 + -4434245?
-4434562
In base 5, what is -1 + -311240302100?
-311240302101
In base 11, what is 0 + 1a176941?
1a176941
In base 13, what is 0 + a9984?
a9984
In base 6, what is -114 - 13230324?
-13230442
In base 10, what is 5 + 31676601?
31676606
In base 12, what is -8417744 + -4?
-8417748
In base 15, what is ce - e63a7?
-e62c8
In base 8, what is -11174 - -4107?
-5065
In base 12, what is -71479 - 2a3?
-71760
In base 14, what is -17a2 - 226?
-19c8
In base 3, what is -20120111 + 10222212?
-2120122
In base 13, what is -5 + bb3bb30?
bb3bb28
In base 4, what is -2201023 + 2230?
-2132133
In base 7, what is -11254 + 2453411?
2442124
In base 9, what is 14201 - 2660?
11431
In base 13, what is -9769 + 4245?
-5524
In base 9, what is -55348158 - -11?
-55348147
In base 6, what is 1542541 + 331?
1543312
In base 10, what is 20 + -561660?
-561640
In base 13, what is -3913 - -2ca?
-3616
In base 4, what is 123 - 20320320013?
-20320313230
In base 11, what is 17842 + 11?
17853
In base 12, what is 1 - 103a0?
-1039b
In base 6, what is 52525301 - 0?
52525301
In base 8, what is 10011130 + 151?
10011301
In base 13, what is 19 - 1a4b24?
-1a4b08
In base 4, what is -3 - 3102122230102?
-3102122230111
In base 15, what is -4ac0 - 190?
-4c60
In base 14, what is -285c3 - -1d5?
-283cc
In base 6, what is -141342545 - -4?
-141342541
In base 2, what is -11111010000100100111000 + 1000011?
-11111010000100011110101
In base 4, what is -2102333 - -231031?
-1211302
In base 12, what is -8925281 + 8?
-8925275
In base 7, what is 232653142 + -32?
232653110
In base 6, what is 354051 + 322154?
1120245
In base 3, what is 10 + -202221001221101?
-202221001221021
In base 14, what is 1 - 2499689?
-2499688
In base 9, what is 36 - 445614?
-445567
In base 7, what is 1314 + 11501?
13115
In base 12, what is 1394 + -1aa18?
-19644
In base 8, what is -406 + 33324?
32716
In base 12, what is 3440767 - -4?
344076b
In base 10, what is -493 - 16405?
-16898
In base 13, what is 138977 - -70?
138a17
In base 3, what is 2202012202 + 21110122?
10000200101
In base 9, what is -10152 - 41766?
-52028
In base 5, what is 2430442 - 21312?
2404130
In base 6, what is -500223121 - 1?
-500223122
In base 16, what is 13ffa + -143?
13eb7
In base 7, what is -542655 - 11615?
-554603
In base 8, what is 115 + 11126550?
11126665
In base 10, what is -88 + 829201?
829113
In base 5, what is -31203444 + -31?
-31204030
In base 4, what is -31002 + 1112031?
1021023
In base 13, what is 3 - -1ac1c88?
1ac1c8b
In base 11, what is -a563 - 493?
-aa46
In base 11, what is 18 - -2149363?
2149380
In base 10, what is 3692 - 309?
3383
In base 12, what is -2105114 + -9?
-2105121
In base 7, what is -1241120 + 422?
-1240365
In base 6, what is 110 + 1530422?
1530532
In base 12, what is 1069 - -2a91?
3b3a
In base 8, what is 32057637 - -3?
32057642
In base 9, what is 63 + -1528555?
-1528482
In base 12, what is 7 - 5314bb1?
-5314ba6
In base 9, what is 3 + 10722550?
10722553
In base 11, what is -163 - 49234?
-49397
In base 9, what is 0 - 660475?
-660475
In base 14, what is -160a79 - b9?
-160b54
In base 12, what is b3 - -5120b7?
5121aa
In base 3, what is 2002211122101211 + -11?
2002211122101200
In base 8, what is -3 - 24652133?
-24652136
In base 6, what is 20203 - -44043?
104250
In bas